{"id":313,"date":"2023-04-12T18:34:15","date_gmt":"2023-04-12T16:34:15","guid":{"rendered":"https:\/\/azote.com\/wordpress\/?page_id=313"},"modified":"2023-04-12T18:34:15","modified_gmt":"2023-04-12T16:34:15","slug":"circuit-des-3-croix","status":"publish","type":"page","link":"http:\/\/azote.com\/wordpress\/circuit-des-3-croix\/","title":{"rendered":"circuit des 3 croix"},"content":{"rendered":"\n<figure class=\"wp-block-image size-large is-resized\"><img decoding=\"async\" loading=\"lazy\" src=\"https:\/\/azote.com\/wordpress\/wp-content\/uploads\/2023\/04\/image_2021-719x1024.jpg\" alt=\"\" class=\"wp-image-314\" width=\"690\" height=\"982\" srcset=\"http:\/\/azote.com\/wordpress\/wp-content\/uploads\/2023\/04\/image_2021-719x1024.jpg 719w, http:\/\/azote.com\/wordpress\/wp-content\/uploads\/2023\/04\/image_2021-211x300.jpg 211w, http:\/\/azote.com\/wordpress\/wp-content\/uploads\/2023\/04\/image_2021.jpg 756w\" sizes=\"(max-width: 690px) 100vw, 690px\" \/><\/figure>\n\n\n\n<p><\/p>\n\n\n\n<p>Acc\u00e8s : Le d\u00e9part se situe sur la place de la mairie comme l\u2019arriv\u00e9e, offrant une grande facilit\u00e9 pour le parking. (1)<\/p>\n\n\n\n<p>Attention ! Les points GPS sont en degr\u00e9s d\u00e9cimaux : N 45.8645 E 06.1401, soit en degr\u00e9s, minutes, secondes : N 45\u00b051&rsquo;36\u00a0\u00bb E 06\u00b007&rsquo;53\u00a0\u00bb<\/p>\n\n\n\n<p><strong>Description :<\/strong> Une balade en boucle, facile offrant de tr\u00e8s beaux panoramas sur le Lac d&rsquo;Annecy et ses montagnes, dominant la partie nord de la commune de Sevrier. La descente peut \u00eatre glissante par temps humide mais sans r\u00e9el danger. Sans aucune difficult\u00e9, cette balade est accessible \u00e0 tous. Le sentier de Cr\u00eate est balis\u00e9 en Jaune et Rouge, les sentiers qui partent de Sevrier pour rejoindre ce sentier de Cr\u00eate sont balis\u00e9s en jaune. &lsquo;pas toujours visible&rsquo;<\/p>\n\n\n\n<p>Elle permet de d\u00e9couvrir quelques \u00e9difices de la commune et quelques lieux et histoires caract\u00e9ristiques du patrimoine sevriolain. (mis en valeur par notre association).<\/p>\n\n\n\n<p><strong>La mont\u00e9e : <\/strong>d\u00e9part Place de la Mairie, suivre la route nationale en direction d&rsquo;Annecy pendant 160 m\u00e8tres, puis prendre l&rsquo;ancienne route d&rsquo;Annecy.<\/p>\n\n\n\n<p>En continuant sur cette route on remarquera apr\u00e8s 950 m\u00e8tres environ, la Chapelle de L\u00e9traz (2) en contre bas de la route sur la gauche (Chapelle datant de 1837, d\u00e9di\u00e9e \u00e0 St-Fran\u00e7ois de Sales).<\/p>\n\n\n\n<p>Continuer toujours dans la m\u00eame direction.<\/p>\n\n\n\n<p>1,5 km apr\u00e8s le point de d\u00e9part, quitter cette route en prenant un chemin sur la gauche bien indiqu\u00e9 par un panneau : Belv\u00e9d\u00e8re de la Grande Jeanne.<\/p>\n\n\n\n<p>Continuer sur ce sentier jusqu&rsquo;\u00e0 l&rsquo;intersection du chemin de Cr\u00eate venant des Espagnoux.<\/p>\n\n\n\n<p>Durant tout le parcours vous traverserez de belles for\u00eats priv\u00e9es. En 1820 les pentes de la montagne furent c\u00e9d\u00e9es par d\u00e9cision du Roi Victor Emmanuel Ier. Chaque famille, \u00e0 cette \u00e9poque, s\u2019est vue attribuer une bande foresti\u00e8re courant du pied au sommet de la pente, situ\u00e9e au plus pr\u00e8s de son domicile. De successions en successions ces bandes foresti\u00e8res demeur\u00e8rent pour la plupart la propri\u00e9t\u00e9 des h\u00e9ritiers. N\u2019oublions pas de respecter, l\u2019environnement et le bien d\u2019autrui.<\/p>\n\n\n\n<p>Poursuivre le sentier de Cr\u00eate en direction du Semnoz pour atteindre la Croix de Chuguet (3) et admirer le point de vue<\/p>\n\n\n\n<p>Continuer sur le sentier de Cr\u00eate dans la direction : le Cr\u00eat, le Semnoz.<\/p>\n\n\n\n<p>Apr\u00e8s \u00eatre pass\u00e9 pr\u00e8s de la ruine d&rsquo;un ancien chalet (dit chalet Chachet), un deuxi\u00e8me point de vue depuis la croix du Cr\u00eat, n\u00e9cessite un petit aller retour (4).<\/p>\n\n\n\n<p>Revenir sur ses pas pour reprendre sa randonn\u00e9e sur le sentier de Cr\u00eate toujours en direction du Semnoz.<\/p>\n\n\n\n<p>En continuant on remarquera les panneaux mentionnant le sentier des chalets .<\/p>\n\n\n\n<p>Sur ce trac\u00e9 se trouvent encore des ruines dont la plus ancienne date de 1810. A cette \u00e9poque les Sevriolains en mal de ressources d\u00e9frich\u00e8rent la for\u00eat pour cultiver ou faire p\u00e2turer leurs b\u00eates. L\u2019abandon progressif du site date de 1930.<\/p>\n\n\n\n<p>On atteindra une troisi\u00e8me croix la plus r\u00e9cente, la croix du Chef lieu (5) et son point de vue vers le bout du lac.<\/p>\n\n\n\n<p>Une longue descente commence qui peut \u00eatre glissante par temps humide mais sans danger, suivre les panneaux : direction La Combe, ou (si les jambes ne souffrent pas), le hameau du Clos (6), permettant de d\u00e9couvrir l&rsquo;\u00e9tang qui alimentait les fours \u00e0 chaux situ\u00e9s en contre bas, lesquels fonctionn\u00e8rent jusque vers 1930.<\/p>\n\n\n\n<p>Ce hameau atteint, suivre la Route du col de Leschaux pour retourner \u00e0 la mairie. (1)<\/p>\n","protected":false},"excerpt":{"rendered":"<p>Acc\u00e8s : Le d\u00e9part se situe sur la place de la mairie comme l\u2019arriv\u00e9e, offrant une grande facilit\u00e9 pour le parking. (1) Attention ! Les points GPS sont en degr\u00e9s d\u00e9cimaux : N 45.8645 E 06.1401, soit en degr\u00e9s, minutes, secondes : N 45\u00b051&rsquo;36\u00a0\u00bb E 06\u00b007&rsquo;53\u00a0\u00bb Description : Une balade en boucle, facile offrant de &hellip; <a href=\"http:\/\/azote.com\/wordpress\/circuit-des-3-croix\/\" class=\"more-link\">Continuer la lecture de <span class=\"screen-reader-text\">circuit des 3 croix<\/span><\/a><\/p>\n","protected":false},"author":1,"featured_media":0,"parent":0,"menu_order":0,"comment_status":"closed","ping_status":"closed","template":"","meta":[],"_links":{"self":[{"href":"http:\/\/azote.com\/wordpress\/wp-json\/wp\/v2\/pages\/313"}],"collection":[{"href":"http:\/\/azote.com\/wordpress\/wp-json\/wp\/v2\/pages"}],"about":[{"href":"http:\/\/azote.com\/wordpress\/wp-json\/wp\/v2\/types\/page"}],"author":[{"embeddable":true,"href":"http:\/\/azote.com\/wordpress\/wp-json\/wp\/v2\/users\/1"}],"replies":[{"embeddable":true,"href":"http:\/\/azote.com\/wordpress\/wp-json\/wp\/v2\/comments?post=313"}],"version-history":[{"count":1,"href":"http:\/\/azote.com\/wordpress\/wp-json\/wp\/v2\/pages\/313\/revisions"}],"predecessor-version":[{"id":316,"href":"http:\/\/azote.com\/wordpress\/wp-json\/wp\/v2\/pages\/313\/revisions\/316"}],"wp:attachment":[{"href":"http:\/\/azote.com\/wordpress\/wp-json\/wp\/v2\/media?parent=313"}],"curies":[{"name":"wp","href":"https:\/\/api.w.org\/{rel}","templated":true}]}}