{"id":179,"date":"2023-04-12T16:33:51","date_gmt":"2023-04-12T14:33:51","guid":{"rendered":"https:\/\/azote.com\/wordpress\/?page_id=179"},"modified":"2023-04-12T16:33:51","modified_gmt":"2023-04-12T14:33:51","slug":"chant-sevriolain","status":"publish","type":"page","link":"http:\/\/azote.com\/wordpress\/chant-sevriolain\/","title":{"rendered":"Chant Sevriolain"},"content":{"rendered":"\n<p><strong><em>Chant patois<\/em><\/strong><\/p>\n\n\n\n<p>D\u00e9po\u00e9 l&rsquo;Apoya tant qu&rsquo;\u00e0 Sevri<br>Y a rin qu\u00e8 d\u00ea pire et d&rsquo;schatagni \u2026.<\/p>\n\n\n\n<p class=\"has-medium-pink-color has-text-color has-small-font-size\">Depuis la Puya jusqu&rsquo;\u00e0 Sevrier<br>Il n&rsquo;y a que pierres et ch\u00e2taigniers \u2026<\/p>\n\n\n\n<p>Svo vgni des Ecol\u00e9s<br>Jusqu&rsquo;\u00e8 d&rsquo;van l&rsquo;Cr\u00e9<br>Vo vari qu\u00e8 gorlions et pass\u00e9s<\/p>\n\n\n\n<p class=\"has-medium-pink-color has-text-color has-small-font-size\">Si vous arrivez des Ecoles (vers le Sartot)<br>Pour venir au Cr\u00eat<br>Vous ne verrez que ceps et \u00e9chalas<\/p>\n\n\n\n<p>Quant on vu v\u00e8re on bagolu<br>On argu\u00e9te sur l&rsquo;mont d&rsquo;montracul<br>Etc \u2026<\/p>\n\n\n\n<p class=\"has-medium-pink-color has-text-color has-small-font-size\">Quand on veut voir un farfelu<br>On regarde sur la colline de Montracul<br>Etc \u2026<\/p>\n\n\n\n<p>C&rsquo;est ainsi que cette chanson patoise pleine d&rsquo;humour, passait en revue, avec un esprit amical, mais taquin et des traits l\u00e9g\u00e8rement exag\u00e9r\u00e9s, toutes les communes du tour du lac en d\u00e9butant par Sevrier avec les rochers de l&rsquo;Apoya, ses ch\u00e2taigneraies, ses vignes ,<\/p>\n\n\n\n<p>&#8211; Saint-Jorioz avec ses roseli\u00e8res et ses roues \u00e0 eau, ses barques, ses tuiles ;<br>&#8211; Duingt et ses ch\u00e2teaux ;<br>&#8211; Bredannaz et ses carri\u00e8res ;<br>&#8211; Doussard, ses ours et la Combe d&rsquo;Ire ;<br>&#8211; Talloires et son abbaye ;<br>&#8211; Saint-Germain et son ermitage ;<br>&#8211; Le Roc de Ch\u00e8re, sa flore et ses serpents ;<br>&#8211; Menthon, son ch\u00e2teau, son Saint et ses bains ;<br>&#8211; Veyrier et \u2026\u2026\u2026\u2026 la bise noire ;<br>&#8211; Chavoire, ses vignes et \u2026.. la Maltourn\u00e9e ;<br>&#8211; Albigny, sa zone mar\u00e9cageuse (\u00e0 l&rsquo;\u00e9poque) et ses grenouilles ;<\/p>\n\n\n\n<p>Pour finir \u00e0 Annecy, la capitale, qui malgr\u00e9 son titre et se prestance, n&rsquo;avait qu&rsquo;un malotru \u2026\u2026\u2026\u2026.. Vairon (l&#8217;embl\u00e8me d&rsquo;Annecy \u00e9tant la croix de Savoie et le poisson).<\/p>\n\n\n\n<p>J&rsquo;ai souvent entendu nos anciens fredonner cette chanson sur l&rsquo;air des psaumes. Mais quelquefois, le dimanche apr\u00e8s-midi, de retour des v\u00eapres quelques \u00ab\u00a0vieux chantres\u00a0\u00bb, tels Fran\u00e7ois Rey ou Joseph Falconnet, musiciens dans l&rsquo;\u00e2me, s&rsquo;arr\u00eatant chez mon grand-p\u00e8re pour faire le causette; trinquer, se mettaient \u00e0 chanter en ch\u0153ur, \u00e0 plusieurs voix et en \u00ab\u00a0faux bourdon\u00a0\u00bb, cette chanson.<\/p>\n\n\n\n<p>Pour moi, c&rsquo;\u00e9tait vraiment et tout simplement merveilleux.<\/p>\n","protected":false},"excerpt":{"rendered":"<p>Chant patois D\u00e9po\u00e9 l&rsquo;Apoya tant qu&rsquo;\u00e0 SevriY a rin qu\u00e8 d\u00ea pire et d&rsquo;schatagni \u2026. Depuis la Puya jusqu&rsquo;\u00e0 SevrierIl n&rsquo;y a que pierres et ch\u00e2taigniers \u2026 Svo vgni des Ecol\u00e9sJusqu&rsquo;\u00e8 d&rsquo;van l&rsquo;Cr\u00e9Vo vari qu\u00e8 gorlions et pass\u00e9s Si vous arrivez des Ecoles (vers le Sartot)Pour venir au Cr\u00eatVous ne verrez que ceps et \u00e9chalas &hellip; <a href=\"http:\/\/azote.com\/wordpress\/chant-sevriolain\/\" class=\"more-link\">Continuer la lecture de <span class=\"screen-reader-text\">Chant Sevriolain<\/span><\/a><\/p>\n","protected":false},"author":1,"featured_media":0,"parent":0,"menu_order":0,"comment_status":"closed","ping_status":"closed","template":"","meta":[],"_links":{"self":[{"href":"http:\/\/azote.com\/wordpress\/wp-json\/wp\/v2\/pages\/179"}],"collection":[{"href":"http:\/\/azote.com\/wordpress\/wp-json\/wp\/v2\/pages"}],"about":[{"href":"http:\/\/azote.com\/wordpress\/wp-json\/wp\/v2\/types\/page"}],"author":[{"embeddable":true,"href":"http:\/\/azote.com\/wordpress\/wp-json\/wp\/v2\/users\/1"}],"replies":[{"embeddable":true,"href":"http:\/\/azote.com\/wordpress\/wp-json\/wp\/v2\/comments?post=179"}],"version-history":[{"count":1,"href":"http:\/\/azote.com\/wordpress\/wp-json\/wp\/v2\/pages\/179\/revisions"}],"predecessor-version":[{"id":181,"href":"http:\/\/azote.com\/wordpress\/wp-json\/wp\/v2\/pages\/179\/revisions\/181"}],"wp:attachment":[{"href":"http:\/\/azote.com\/wordpress\/wp-json\/wp\/v2\/media?parent=179"}],"curies":[{"name":"wp","href":"https:\/\/api.w.org\/{rel}","templated":true}]}}