{"id":14,"date":"2017-05-23T17:26:36","date_gmt":"2017-05-23T15:26:36","guid":{"rendered":"http:\/\/azote.com\/wordpress\/?page_id=14"},"modified":"2023-04-12T17:08:32","modified_gmt":"2023-04-12T15:08:32","slug":"page-03","status":"publish","type":"page","link":"http:\/\/azote.com\/wordpress\/page-03\/","title":{"rendered":"Activit\u00e9s au fil des saisons"},"content":{"rendered":"\n<figure class=\"wp-block-image size-full is-resized\"><img decoding=\"async\" loading=\"lazy\" src=\"https:\/\/azote.com\/wordpress\/wp-content\/uploads\/2023\/04\/image_1740.jpg\" alt=\"\" class=\"wp-image-224\" width=\"691\" height=\"518\" srcset=\"http:\/\/azote.com\/wordpress\/wp-content\/uploads\/2023\/04\/image_1740.jpg 567w, http:\/\/azote.com\/wordpress\/wp-content\/uploads\/2023\/04\/image_1740-300x225.jpg 300w\" sizes=\"(max-width: 691px) 100vw, 691px\" \/><\/figure>\n\n\n\n<p><\/p>\n\n\n\n<p>Sevrier \u00e9tait \u00e0 cette \u00e9poque une commune rurale.<\/p>\n\n\n\n<p>En plus des activit\u00e9s quotidiennes, les travaux \u00e9taient dirig\u00e9s en fonction des saisons.<\/p>\n\n\n\n<p>D\u00e9couvrez ces nouvelles pages qui ont \u00e9t\u00e9 import\u00e9es de nos expositions des f\u00eates du terroir de 2007 et 2008<\/p>\n\n\n\n<p><\/p>\n","protected":false},"excerpt":{"rendered":"<p>Sevrier \u00e9tait \u00e0 cette \u00e9poque une commune rurale. En plus des activit\u00e9s quotidiennes, les travaux \u00e9taient dirig\u00e9s en fonction des saisons. D\u00e9couvrez ces nouvelles pages qui ont \u00e9t\u00e9 import\u00e9es de nos expositions des f\u00eates du terroir de 2007 et 2008<\/p>\n","protected":false},"author":1,"featured_media":0,"parent":0,"menu_order":0,"comment_status":"closed","ping_status":"closed","template":"","meta":[],"_links":{"self":[{"href":"http:\/\/azote.com\/wordpress\/wp-json\/wp\/v2\/pages\/14"}],"collection":[{"href":"http:\/\/azote.com\/wordpress\/wp-json\/wp\/v2\/pages"}],"about":[{"href":"http:\/\/azote.com\/wordpress\/wp-json\/wp\/v2\/types\/page"}],"author":[{"embeddable":true,"href":"http:\/\/azote.com\/wordpress\/wp-json\/wp\/v2\/users\/1"}],"replies":[{"embeddable":true,"href":"http:\/\/azote.com\/wordpress\/wp-json\/wp\/v2\/comments?post=14"}],"version-history":[{"count":3,"href":"http:\/\/azote.com\/wordpress\/wp-json\/wp\/v2\/pages\/14\/revisions"}],"predecessor-version":[{"id":225,"href":"http:\/\/azote.com\/wordpress\/wp-json\/wp\/v2\/pages\/14\/revisions\/225"}],"wp:attachment":[{"href":"http:\/\/azote.com\/wordpress\/wp-json\/wp\/v2\/media?parent=14"}],"curies":[{"name":"wp","href":"https:\/\/api.w.org\/{rel}","templated":true}]}}